{"id":45,"date":"2025-09-16T13:02:42","date_gmt":"2025-09-16T11:02:42","guid":{"rendered":"https:\/\/tvattxpress.se\/?page_id=45"},"modified":"2025-10-20T16:12:11","modified_gmt":"2025-10-20T14:12:11","slug":"tvattxpress","status":"publish","type":"page","link":"https:\/\/tvattxpress.se\/","title":{"rendered":"Tv\u00e4ttxpress UF"},"content":{"rendered":"\n<div class=\"wp-block-columns is-layout-flex wp-container-core-columns-is-layout-28f84493 wp-block-columns-is-layout-flex\">\n<div class=\"wp-block-column is-layout-flow wp-block-column-is-layout-flow\" style=\"flex-basis:100%\">\n<div class=\"wp-block-buttons is-layout-flex wp-block-buttons-is-layout-flex\">\n<div class=\"wp-block-button\"><a class=\"wp-block-button__link wp-element-button\" href=\"https:\/\/tvattxpress.se\/?page_id=41\">Kontakta oss <\/a><\/div>\n\n\n\n<div class=\"wp-block-button\"><a class=\"wp-block-button__link wp-element-button\" href=\"https:\/\/tvattxpress.bokamera.se\/\">Boka nu<\/a><\/div>\n\n\n\n<div class=\"wp-block-button\"><a class=\"wp-block-button__link has-text-align-center wp-element-button\" href=\"https:\/\/tvattxpress.se\/?page_id=84\">V\u00e5ra tj\u00e4nster<\/a><\/div>\n\n\n\n<div class=\"wp-block-button\"><a class=\"wp-block-button__link wp-element-button\" href=\"https:\/\/tvattxpress.se\/?page_id=139\">Vanliga fr\u00e5gor<\/a><\/div>\n<\/div>\n<\/div>\n<\/div>\n\n\n\n<p><a href=\"https:\/\/tvattxpress.se\/wp-admin\/edit.php?post_type=page\"><\/a><\/p>\n\n\n\n<div class=\"wp-block-group alignfull has-global-padding is-layout-constrained wp-container-core-group-is-layout-490fa1db wp-block-group-is-layout-constrained\" style=\"padding-top:var(--wp--preset--spacing--50);padding-right:var(--wp--preset--spacing--50);padding-bottom:var(--wp--preset--spacing--50);padding-left:var(--wp--preset--spacing--50)\">\n<div class=\"wp-block-group has-global-padding is-layout-constrained wp-container-core-group-is-layout-650790e1 wp-block-group-is-layout-constrained\">\n<h1 class=\"wp-block-heading has-text-align-center has-x-large-font-size\"><strong>Bilrekond hemma hos dig<\/strong><\/h1>\n\n\n\n<div style=\"height:1.25rem\" aria-hidden=\"true\" class=\"wp-block-spacer\"><\/div>\n\n\n\n<p class=\"has-text-align-center\">Tv\u00e4ttXpress \u00e4r en milj\u00f6medveten tv\u00e4ttfirma som erbjuder en m\u00e5ngfald av bilv\u00e5rds tj\u00e4nster p\u00e5 ett milj\u00f6v\u00e4nligt s\u00e4tt hemma hos dig<\/p>\n\n\n\n<div style=\"height:1.25rem\" aria-hidden=\"true\" class=\"wp-block-spacer\"><\/div>\n<\/div>\n\n\n\n<div style=\"height:var(--wp--preset--spacing--30)\" aria-hidden=\"true\" class=\"wp-block-spacer\"><\/div>\n\n\n\n<figure class=\"wp-block-gallery alignwide has-nested-images columns-default is-cropped wp-block-gallery-2 is-layout-flex wp-block-gallery-is-layout-flex\">\n<figure class=\"wp-block-image size-full is-style-rounded is-style-rounded--1\"><img loading=\"lazy\" decoding=\"async\" width=\"2560\" height=\"1920\" data-id=\"182\" src=\"https:\/\/tvattxpress.se\/wp-content\/uploads\/2025\/10\/Dofoto_20251016_123450101-scaled.jpg\" alt=\"\" class=\"wp-image-182\" srcset=\"https:\/\/tvattxpress.se\/wp-content\/uploads\/2025\/10\/Dofoto_20251016_123450101-scaled.jpg 2560w, https:\/\/tvattxpress.se\/wp-content\/uploads\/2025\/10\/Dofoto_20251016_123450101-300x225.jpg 300w, https:\/\/tvattxpress.se\/wp-content\/uploads\/2025\/10\/Dofoto_20251016_123450101-1024x768.jpg 1024w, https:\/\/tvattxpress.se\/wp-content\/uploads\/2025\/10\/Dofoto_20251016_123450101-768x576.jpg 768w, https:\/\/tvattxpress.se\/wp-content\/uploads\/2025\/10\/Dofoto_20251016_123450101-1536x1152.jpg 1536w, https:\/\/tvattxpress.se\/wp-content\/uploads\/2025\/10\/Dofoto_20251016_123450101-2048x1536.jpg 2048w\" sizes=\"auto, (max-width: 2560px) 100vw, 2560px\" \/><\/figure>\n<\/figure>\n<\/div>\n\n\n\n<div class=\"wp-block-cover alignfull has-custom-content-position is-position-top-left\" style=\"margin-top:0;padding-top:5vw;padding-right:5vw;padding-bottom:5vw;padding-left:5vw;min-height:298px;aspect-ratio:unset;\"><img decoding=\"async\" class=\"wp-block-cover__image-background wp-image-333\" alt=\"\" src=\"https:\/\/pd.w.org\/2022\/07\/87262c92d42acd1c3.73206444.jpg\" style=\"object-position:50% 0%\" data-object-fit=\"cover\" data-object-position=\"50% 0%\"\/><span aria-hidden=\"true\" class=\"wp-block-cover__background has-background-dim-90 has-background-dim\" style=\"background-color:#141414\"><\/span><div class=\"wp-block-cover__inner-container is-layout-flow wp-block-cover-is-layout-flow\">\n<div class=\"wp-block-group wp-container-content-9cfa9a5a is-vertical is-nowrap is-layout-flex wp-container-core-group-is-layout-2890af74 wp-block-group-is-layout-flex\">\n<p class=\"has-text-align-left has-text-color has-source-serif-pro-font-family\" style=\"color:#d8a557;font-size:clamp(72.137px, 4.509rem + ((1vw - 3.2px) * 9.152), 160px);font-style:italic;font-weight:900;letter-spacing:-4px;line-height:0.8;text-transform:none\"><mark style=\"background-color:rgba(0, 0, 0, 0);color:#57bb40\" class=\"has-inline-color\"><strong>S\u00e5 fungerar det!<\/strong><\/mark><\/p>\n<\/div>\n<\/div><\/div>\n\n\n\n<h2 class=\"wp-block-heading\"><strong>Boka tid och plats<\/strong><em><strong> <\/strong><\/em><\/h2>\n\n\n\n<figure class=\"wp-block-image size-full is-resized\"><img loading=\"lazy\" decoding=\"async\" width=\"600\" height=\"311\" src=\"https:\/\/tvattxpress.se\/wp-content\/uploads\/2025\/09\/time-date-address-icon-set-600nw-2518373691.webp\" alt=\"\" class=\"wp-image-109\" style=\"width:252px;height:auto\" srcset=\"https:\/\/tvattxpress.se\/wp-content\/uploads\/2025\/09\/time-date-address-icon-set-600nw-2518373691.webp 600w, https:\/\/tvattxpress.se\/wp-content\/uploads\/2025\/09\/time-date-address-icon-set-600nw-2518373691-300x156.webp 300w\" sizes=\"auto, (max-width: 600px) 100vw, 600px\" \/><\/figure>\n\n\n\n<h2 class=\"wp-block-heading\"><strong>Vi kommer till dig<\/strong><\/h2>\n\n\n\n<figure class=\"wp-block-image size-large is-resized\"><img loading=\"lazy\" decoding=\"async\" width=\"1024\" height=\"683\" src=\"https:\/\/tvattxpress.se\/wp-content\/uploads\/2025\/09\/ChatGPT-Image-16-sep.-2025-17_25_19-1024x683.png\" alt=\"\" class=\"wp-image-108\" style=\"width:234px;height:auto\" srcset=\"https:\/\/tvattxpress.se\/wp-content\/uploads\/2025\/09\/ChatGPT-Image-16-sep.-2025-17_25_19-1024x683.png 1024w, https:\/\/tvattxpress.se\/wp-content\/uploads\/2025\/09\/ChatGPT-Image-16-sep.-2025-17_25_19-300x200.png 300w, https:\/\/tvattxpress.se\/wp-content\/uploads\/2025\/09\/ChatGPT-Image-16-sep.-2025-17_25_19-768x512.png 768w, https:\/\/tvattxpress.se\/wp-content\/uploads\/2025\/09\/ChatGPT-Image-16-sep.-2025-17_25_19.png 1536w\" sizes=\"auto, (max-width: 1024px) 100vw, 1024px\" \/><\/figure>\n\n\n\n<h2 class=\"wp-block-heading\"><strong>Njut av en ren bil<\/strong><\/h2>\n\n\n\n<p>Spara tid, pengar och ork samtidigt som du f\u00e5r en ren bil utan kr\u00e5ngel<\/p>\n\n\n\n<figure class=\"wp-block-image size-full is-resized\"><img loading=\"lazy\" decoding=\"async\" width=\"1024\" height=\"1024\" src=\"https:\/\/tvattxpress.se\/wp-content\/uploads\/2025\/09\/Dofoto_20250916_180010622.jpg\" alt=\"\" class=\"wp-image-110\" style=\"width:256px;height:auto\" srcset=\"https:\/\/tvattxpress.se\/wp-content\/uploads\/2025\/09\/Dofoto_20250916_180010622.jpg 1024w, https:\/\/tvattxpress.se\/wp-content\/uploads\/2025\/09\/Dofoto_20250916_180010622-300x300.jpg 300w, https:\/\/tvattxpress.se\/wp-content\/uploads\/2025\/09\/Dofoto_20250916_180010622-150x150.jpg 150w, https:\/\/tvattxpress.se\/wp-content\/uploads\/2025\/09\/Dofoto_20250916_180010622-768x768.jpg 768w\" sizes=\"auto, (max-width: 1024px) 100vw, 1024px\" \/><\/figure>\n\n\n\n<hr class=\"wp-block-separator has-alpha-channel-opacity is-style-wide\"\/>\n\n\n\n<div class=\"wp-block-group alignfull has-global-padding is-layout-constrained wp-container-core-group-is-layout-d89aad35 wp-block-group-is-layout-constrained\" style=\"margin-top:0;margin-bottom:0;padding-top:var(--wp--preset--spacing--50);padding-right:var(--wp--preset--spacing--50);padding-bottom:var(--wp--preset--spacing--50);padding-left:var(--wp--preset--spacing--50)\">\n<div class=\"wp-block-group alignwide has-global-padding is-layout-constrained wp-container-core-group-is-layout-19e250f3 wp-block-group-is-layout-constrained\">\n<div class=\"wp-block-group is-vertical is-content-justification-center is-layout-flex wp-container-core-group-is-layout-6329a8f3 wp-block-group-is-layout-flex\">\n<h2 class=\"wp-block-heading has-text-align-center is-style-asterisk\"><strong>Milj\u00f6 och arbetss\u00e4tt<\/strong><\/h2>\n\n\n\n<p class=\"has-text-align-center\"><\/p>\n<\/div>\n\n\n\n<div style=\"height:var(--wp--preset--spacing--40)\" aria-hidden=\"true\" class=\"wp-block-spacer\"><\/div>\n\n\n\n<div class=\"wp-block-columns alignwide is-layout-flex wp-container-core-columns-is-layout-d1c656ed wp-block-columns-is-layout-flex\">\n<div class=\"wp-block-column is-vertically-aligned-center is-layout-flow wp-block-column-is-layout-flow\" style=\"flex-basis:40%\">\n<h3 class=\"wp-block-heading is-style-asterisk\"><strong>V\u00e5rt arbetss\u00e4tt<\/strong><\/h3>\n\n\n\n<ul style=\"line-height:1.75\" class=\"wp-block-list is-style-checkmark-list\">\n<li>Skonsamma och milj\u00f6v\u00e4nliga tv\u00e4ttmedel<\/li>\n\n\n\n<li>Vatten och produkt sn\u00e5lt arbetss\u00e4tt<\/li>\n\n\n\n<li>F\u00f6rhindrar f\u00f6roreningar i dagvattnet<\/li>\n<\/ul>\n<\/div>\n\n\n\n<div class=\"wp-block-column is-layout-flow wp-block-column-is-layout-flow\" style=\"flex-basis:50%\">\n<div class=\"wp-block-cover is-light\"><img loading=\"lazy\" decoding=\"async\" width=\"768\" height=\"1024\" class=\"wp-block-cover__image-background wp-image-170 size-large\" alt=\"\" src=\"https:\/\/tvattxpress.se\/wp-content\/uploads\/2025\/10\/1000005162-768x1024.jpg\" data-object-fit=\"cover\" srcset=\"https:\/\/tvattxpress.se\/wp-content\/uploads\/2025\/10\/1000005162-768x1024.jpg 768w, https:\/\/tvattxpress.se\/wp-content\/uploads\/2025\/10\/1000005162-225x300.jpg 225w, https:\/\/tvattxpress.se\/wp-content\/uploads\/2025\/10\/1000005162-1152x1536.jpg 1152w, https:\/\/tvattxpress.se\/wp-content\/uploads\/2025\/10\/1000005162-1536x2048.jpg 1536w, https:\/\/tvattxpress.se\/wp-content\/uploads\/2025\/10\/1000005162-scaled.jpg 1920w\" sizes=\"auto, (max-width: 768px) 100vw, 768px\" \/><span aria-hidden=\"true\" class=\"wp-block-cover__background has-background-dim\" style=\"background-color:#838482\"><\/span><div class=\"wp-block-cover__inner-container is-layout-flow wp-block-cover-is-layout-flow\">\n<p class=\"has-text-align-center has-large-font-size\"><\/p>\n<\/div><\/div>\n<\/div>\n<\/div>\n\n\n\n<div class=\"wp-block-columns alignwide is-layout-flex wp-container-core-columns-is-layout-d1c656ed wp-block-columns-is-layout-flex\">\n<div class=\"wp-block-column is-layout-flow wp-block-column-is-layout-flow\">\n<p><\/p>\n\n\n\n<p>                                                                                                           <strong>MILJ\u00d6<\/strong><\/p>\n\n\n\n<p>Ett av v\u00e5ra viktigaste m\u00e5l \u00e4r att arbeta milj\u00f6v\u00e4nligt utan att f\u00f6rorena dagvattnet,<\/p>\n\n\n\n<p>vilket \u00e4r ett vanligt och v\u00e4ldigt viktigt problem n\u00e4r man ska tv\u00e4tta bilen hemma.<\/p>\n\n\n\n<p>D\u00e4rf\u00f6r samlar vi kontinuerligt upp vattnet under tv\u00e4ttens g\u00e5ng med hj\u00e4lpa av en pump som pumpar tv\u00e4ttvattnet till uppsamlingen i v\u00e5ran firma bil och l\u00e4mnar sedan av det p\u00e5 en tv\u00e4tt station f\u00f6r filtrering och reng\u00f6ring.<\/p>\n<\/div>\n<\/div>\n<\/div>\n<\/div>\n\n\n\n<p><\/p>\n\n\n\n<div class=\"wp-block-group alignfull has-base-color has-contrast-background-color has-text-color has-background has-global-padding is-layout-constrained wp-container-core-group-is-layout-ef3d885c wp-block-group-is-layout-constrained\" style=\"margin-top:0;margin-bottom:0;padding-top:var(--wp--preset--spacing--60);padding-right:var(--wp--preset--spacing--60);padding-bottom:var(--wp--preset--spacing--60);padding-left:var(--wp--preset--spacing--60)\">\n<div class=\"wp-block-group has-global-padding is-layout-constrained wp-block-group-is-layout-constrained\">\n<p class=\"has-text-align-center has-base-color has-text-color has-heading-font-family has-x-large-font-size\" style=\"line-height:1.2\">&#8221;N\u00e4r det \u00e4r som viktigast d\u00e4r det \u00e4r som viktigast&#8221;<\/p>\n\n\n\n<hr class=\"wp-block-separator has-alpha-channel-opacity is-style-wide\"\/>\n\n\n\n<div class=\"wp-block-group is-vertical is-content-justification-center is-nowrap is-layout-flex wp-container-core-group-is-layout-2dc08cea wp-block-group-is-layout-flex\">\n<figure class=\"wp-block-image aligncenter size-thumbnail is-resized has-custom-border\"><img loading=\"lazy\" decoding=\"async\" width=\"150\" height=\"150\" src=\"https:\/\/tvattxpress.se\/wp-content\/uploads\/2025\/09\/ChatGPT-Image-9-sep.-2025-12_12_54-150x150.png\" alt=\"\" class=\"wp-image-37\" style=\"border-radius:100px;aspect-ratio:1;object-fit:cover;width:60px\" srcset=\"https:\/\/tvattxpress.se\/wp-content\/uploads\/2025\/09\/ChatGPT-Image-9-sep.-2025-12_12_54-150x150.png 150w, https:\/\/tvattxpress.se\/wp-content\/uploads\/2025\/09\/ChatGPT-Image-9-sep.-2025-12_12_54-300x300.png 300w, https:\/\/tvattxpress.se\/wp-content\/uploads\/2025\/09\/ChatGPT-Image-9-sep.-2025-12_12_54-768x768.png 768w, https:\/\/tvattxpress.se\/wp-content\/uploads\/2025\/09\/ChatGPT-Image-9-sep.-2025-12_12_54.png 1024w\" sizes=\"auto, (max-width: 150px) 100vw, 150px\" \/><\/figure>\n\n\n\n<p class=\"has-text-align-center\" style=\"margin-top:var(--wp--preset--spacing--10);margin-bottom:0\"> Tv\u00e4ttXpress<\/p>\n<\/div>\n<\/div>\n<\/div>\n\n\n\n<p><\/p>\n","protected":false},"excerpt":{"rendered":"<p>Bilrekond hemma hos dig Tv\u00e4ttXpress \u00e4r en milj\u00f6medveten tv\u00e4ttfirma som erbjuder en m\u00e5ngfald av bilv\u00e5rds tj\u00e4nster p\u00e5 ett milj\u00f6v\u00e4nligt s\u00e4tt hemma hos dig Boka tid och plats Vi kommer till dig Njut av en ren bil Spara tid, pengar och ork samtidigt som du f\u00e5r en ren bil utan kr\u00e5ngel Milj\u00f6 och arbetss\u00e4tt V\u00e5rt arbetss\u00e4tt [&hellip;]<\/p>\n","protected":false},"author":1,"featured_media":37,"parent":0,"menu_order":1,"comment_status":"closed","ping_status":"closed","template":"","meta":{"footnotes":""},"class_list":["post-45","page","type-page","status-publish","has-post-thumbnail","hentry"],"_links":{"self":[{"href":"https:\/\/tvattxpress.se\/index.php?rest_route=\/wp\/v2\/pages\/45","targetHints":{"allow":["GET"]}}],"collection":[{"href":"https:\/\/tvattxpress.se\/index.php?rest_route=\/wp\/v2\/pages"}],"about":[{"href":"https:\/\/tvattxpress.se\/index.php?rest_route=\/wp\/v2\/types\/page"}],"author":[{"embeddable":true,"href":"https:\/\/tvattxpress.se\/index.php?rest_route=\/wp\/v2\/users\/1"}],"replies":[{"embeddable":true,"href":"https:\/\/tvattxpress.se\/index.php?rest_route=%2Fwp%2Fv2%2Fcomments&post=45"}],"version-history":[{"count":33,"href":"https:\/\/tvattxpress.se\/index.php?rest_route=\/wp\/v2\/pages\/45\/revisions"}],"predecessor-version":[{"id":205,"href":"https:\/\/tvattxpress.se\/index.php?rest_route=\/wp\/v2\/pages\/45\/revisions\/205"}],"wp:featuredmedia":[{"embeddable":true,"href":"https:\/\/tvattxpress.se\/index.php?rest_route=\/wp\/v2\/media\/37"}],"wp:attachment":[{"href":"https:\/\/tvattxpress.se\/index.php?rest_route=%2Fwp%2Fv2%2Fmedia&parent=45"}],"curies":[{"name":"wp","href":"https:\/\/api.w.org\/{rel}","templated":true}]}}