{"id":84,"date":"2025-10-09T11:55:08","date_gmt":"2025-10-09T09:55:08","guid":{"rendered":"https:\/\/tvattxpress.se\/?page_id=84"},"modified":"2025-11-17T16:57:04","modified_gmt":"2025-11-17T15:57:04","slug":"vara-tjanster","status":"publish","type":"page","link":"https:\/\/tvattxpress.se\/?page_id=84","title":{"rendered":"V\u00e5ra tj\u00e4nster"},"content":{"rendered":"\n<div class=\"wp-block-cover alignfull has-custom-content-position is-position-top-left\" style=\"margin-top:0;padding-top:5vw;padding-right:5vw;padding-bottom:5vw;padding-left:5vw;min-height:328px;aspect-ratio:unset;\"><img decoding=\"async\" class=\"wp-block-cover__image-background wp-image-333\" alt=\"\" src=\"https:\/\/pd.w.org\/2022\/07\/87262c92d42acd1c3.73206444.jpg\" style=\"object-position:50% 0%\" data-object-fit=\"cover\" data-object-position=\"50% 0%\"\/><span aria-hidden=\"true\" class=\"wp-block-cover__background has-background-dim-90 has-background-dim\" style=\"background-color:#141414\"><\/span><div class=\"wp-block-cover__inner-container is-layout-flow wp-block-cover-is-layout-flow\">\n<div class=\"wp-block-group wp-container-content-9cfa9a5a is-vertical is-nowrap is-layout-flex wp-container-core-group-is-layout-2890af74 wp-block-group-is-layout-flex\">\n<h2 class=\"wp-block-heading has-text-align-left has-text-color\" style=\"color:#d8a557;font-size:clamp(72.137px, 4.509rem + ((1vw - 3.2px) * 9.152), 160px);\">               <mark style=\"background-color:rgba(0, 0, 0, 0);color:#57bb40\" class=\"has-inline-color\">V\u00e5ra Tj\u00e4nster<\/mark><\/h2>\n<\/div>\n<\/div><\/div>\n\n\n\n<div class=\"wp-block-buttons is-layout-flex wp-block-buttons-is-layout-flex\">\n<div class=\"wp-block-button\"><a class=\"wp-block-button__link wp-element-button\" href=\"https:\/\/tvattxpress.bokamera.se\/\">Boka nu<\/a><\/div>\n<\/div>\n\n\n\n<hr class=\"wp-block-separator has-alpha-channel-opacity is-style-wide\"\/>\n\n\n\n<details class=\"wp-block-details is-style-arrow-icon-details is-layout-flow wp-block-details-is-layout-flow\"><summary><strong><em>Utv\u00e4ndig tv\u00e4tt<\/em><\/strong> \/ <strong>349<\/strong> <strong>KR<\/strong><\/summary>\n<ul class=\"wp-block-list\">\n<li>Kallavfettning<\/li>\n\n\n\n<li>Alkalisk avfettning<\/li>\n\n\n\n<li>Hand schamponering<\/li>\n\n\n\n<li>F\u00e4lgreng\u00f6ring<\/li>\n\n\n\n<li>H\u00f6gtryckstv\u00e4tt<\/li>\n\n\n\n<li>Avtorkning<\/li>\n<\/ul>\n<\/details>\n\n\n\n<p><\/p>\n\n\n\n<details class=\"wp-block-details is-style-arrow-icon-details is-layout-flow wp-block-details-is-layout-flow\"><summary><strong><em>Utv\u00e4ndig lyx tv\u00e4tt <\/em><\/strong> <strong>449<\/strong>\/ <strong>KR<\/strong><\/summary>\n<ul class=\"wp-block-list\">\n<li>Kallavfettning<\/li>\n\n\n\n<li>Alkalisk avfettning<\/li>\n\n\n\n<li>Flygrost behandling<\/li>\n\n\n\n<li>Fomelance &amp; hand schamponering<\/li>\n\n\n\n<li>F\u00e4lgreng\u00f6ring<\/li>\n\n\n\n<li>H\u00f6gtryckstv\u00e4tt<\/li>\n\n\n\n<li>Spray lackskydds behandling<\/li>\n\n\n\n<li>Avtorkning<\/li>\n\n\n\n<li>D\u00e4ckglans<\/li>\n<\/ul>\n<\/details>\n\n\n\n<p><\/p>\n\n\n\n<details class=\"wp-block-details is-style-arrow-icon-details is-layout-flow wp-block-details-is-layout-flow\"><summary><strong><em>Inv\u00e4ndig <\/em>tv\u00e4tt <\/strong>\/ <strong>599KR<\/strong><\/summary>\n<ul class=\"wp-block-list\">\n<li>Dammsugning<\/li>\n\n\n\n<li>Matt reng\u00f6ring<\/li>\n\n\n\n<li>Gummi matts behandling<\/li>\n\n\n\n<li>Allm\u00e4n inv\u00e4ndig reng\u00f6ring<\/li>\n\n\n\n<li>F\u00f6nster reng\u00f6ring<\/li>\n<\/ul>\n<\/details>\n\n\n\n<details class=\"wp-block-details is-style-arrow-icon-details is-layout-flow wp-block-details-is-layout-flow\"><summary><strong>Utv\u00e4ndig tv\u00e4tt &amp; inv\u00e4ndig tv\u00e4tt<\/strong> <strong>\/ 799<\/strong><\/summary>\n<ul class=\"wp-block-list\">\n<li>Allt som ing\u00e5r i utv\u00e4ndig tv\u00e4tt samt det som ing\u00e5r i inv\u00e4ndig tv\u00e4tt<\/li>\n<\/ul>\n<\/details>\n\n\n\n<p><\/p>\n\n\n\n<details class=\"wp-block-details is-style-arrow-icon-details is-layout-flow wp-block-details-is-layout-flow\"><summary><strong>Utv\u00e4ndig lyx tv\u00e4tt &amp; inv\u00e4ndig tv\u00e4tt \/ 899KR<\/strong><\/summary>\n<ul class=\"wp-block-list\">\n<li>Allt som ing\u00e5r i utv\u00e4ndig lyx tv\u00e4tt samt det som ing\u00e5r i inv\u00e4ndig tv\u00e4tt<\/li>\n<\/ul>\n<\/details>\n\n\n\n<details class=\"wp-block-details is-style-arrow-icon-details is-layout-flow wp-block-details-is-layout-flow\"><summary><strong><em>Till\u00e4ggs tj\u00e4nster \/ Extra avgifter \/ Rabatter <\/em><\/strong><\/summary>\n<p><\/p>\n\n\n\n<p><strong>EPA rabatt <\/strong>(vid k\u00f6p av paket tj\u00e4nster f\u00f6r 599\/699KR) <strong>-150KR<\/strong>                                          OBS!! priset dras av p\u00e5 plats<\/p>\n\n\n\n<p><strong>Djupreng\u00f6ring av tygs\u00e4ten<\/strong> (vid k\u00f6p av inv\u00e4ndig tv\u00e4tt eller paket tj\u00e4nster) +<strong>200KR<\/strong><\/p>\n<\/details>\n\n\n\n<figure class=\"wp-block-gallery alignwide has-nested-images columns-default is-cropped wp-block-gallery-1 is-layout-flex wp-block-gallery-is-layout-flex\">\n<figure class=\"wp-block-image size-large is-style-default\"><img loading=\"lazy\" decoding=\"async\" width=\"1024\" height=\"683\" data-id=\"78\" src=\"https:\/\/tvattxpress.se\/wp-content\/uploads\/2025\/09\/Kopia-av-IMG_6084-edited-1-1024x683.jpg\" alt=\"\" class=\"wp-image-78\" srcset=\"https:\/\/tvattxpress.se\/wp-content\/uploads\/2025\/09\/Kopia-av-IMG_6084-edited-1-1024x683.jpg 1024w, https:\/\/tvattxpress.se\/wp-content\/uploads\/2025\/09\/Kopia-av-IMG_6084-edited-1-300x200.jpg 300w, https:\/\/tvattxpress.se\/wp-content\/uploads\/2025\/09\/Kopia-av-IMG_6084-edited-1-768x512.jpg 768w, https:\/\/tvattxpress.se\/wp-content\/uploads\/2025\/09\/Kopia-av-IMG_6084-edited-1.jpg 1365w\" sizes=\"auto, (max-width: 1024px) 100vw, 1024px\" \/><\/figure>\n\n\n\n<figure class=\"wp-block-image size-large is-style-default\"><img loading=\"lazy\" decoding=\"async\" width=\"768\" height=\"1024\" data-id=\"168\" src=\"https:\/\/tvattxpress.se\/wp-content\/uploads\/2025\/10\/1000004957-768x1024.jpg\" alt=\"\" class=\"wp-image-168\" srcset=\"https:\/\/tvattxpress.se\/wp-content\/uploads\/2025\/10\/1000004957-768x1024.jpg 768w, https:\/\/tvattxpress.se\/wp-content\/uploads\/2025\/10\/1000004957-225x300.jpg 225w, https:\/\/tvattxpress.se\/wp-content\/uploads\/2025\/10\/1000004957-1152x1536.jpg 1152w, https:\/\/tvattxpress.se\/wp-content\/uploads\/2025\/10\/1000004957-1536x2048.jpg 1536w, https:\/\/tvattxpress.se\/wp-content\/uploads\/2025\/10\/1000004957-scaled.jpg 1920w\" sizes=\"auto, (max-width: 768px) 100vw, 768px\" \/><\/figure>\n\n\n\n<figure class=\"wp-block-image size-large\"><img loading=\"lazy\" decoding=\"async\" width=\"768\" height=\"1024\" data-id=\"171\" src=\"https:\/\/tvattxpress.se\/wp-content\/uploads\/2025\/10\/1000005170-768x1024.jpg\" alt=\"\" class=\"wp-image-171\" srcset=\"https:\/\/tvattxpress.se\/wp-content\/uploads\/2025\/10\/1000005170-768x1024.jpg 768w, https:\/\/tvattxpress.se\/wp-content\/uploads\/2025\/10\/1000005170-225x300.jpg 225w, https:\/\/tvattxpress.se\/wp-content\/uploads\/2025\/10\/1000005170-1152x1536.jpg 1152w, https:\/\/tvattxpress.se\/wp-content\/uploads\/2025\/10\/1000005170-1536x2048.jpg 1536w, https:\/\/tvattxpress.se\/wp-content\/uploads\/2025\/10\/1000005170-scaled.jpg 1920w\" sizes=\"auto, (max-width: 768px) 100vw, 768px\" \/><\/figure>\n\n\n\n<figure class=\"wp-block-image size-large\"><img loading=\"lazy\" decoding=\"async\" width=\"1024\" height=\"683\" data-id=\"50\" src=\"https:\/\/tvattxpress.se\/wp-content\/uploads\/2025\/09\/Kopia-av-IMG_6058-1024x683.jpg\" alt=\"\" class=\"wp-image-50\" srcset=\"https:\/\/tvattxpress.se\/wp-content\/uploads\/2025\/09\/Kopia-av-IMG_6058-1024x683.jpg 1024w, https:\/\/tvattxpress.se\/wp-content\/uploads\/2025\/09\/Kopia-av-IMG_6058-300x200.jpg 300w, https:\/\/tvattxpress.se\/wp-content\/uploads\/2025\/09\/Kopia-av-IMG_6058-768x512.jpg 768w, https:\/\/tvattxpress.se\/wp-content\/uploads\/2025\/09\/Kopia-av-IMG_6058-1536x1024.jpg 1536w, https:\/\/tvattxpress.se\/wp-content\/uploads\/2025\/09\/Kopia-av-IMG_6058.jpg 2048w\" sizes=\"auto, (max-width: 1024px) 100vw, 1024px\" \/><\/figure>\n\n\n\n<figure class=\"wp-block-image size-large\"><img loading=\"lazy\" decoding=\"async\" width=\"768\" height=\"1024\" data-id=\"170\" src=\"https:\/\/tvattxpress.se\/wp-content\/uploads\/2025\/10\/1000005162-768x1024.jpg\" alt=\"\" class=\"wp-image-170\" srcset=\"https:\/\/tvattxpress.se\/wp-content\/uploads\/2025\/10\/1000005162-768x1024.jpg 768w, https:\/\/tvattxpress.se\/wp-content\/uploads\/2025\/10\/1000005162-225x300.jpg 225w, https:\/\/tvattxpress.se\/wp-content\/uploads\/2025\/10\/1000005162-1152x1536.jpg 1152w, https:\/\/tvattxpress.se\/wp-content\/uploads\/2025\/10\/1000005162-1536x2048.jpg 1536w, https:\/\/tvattxpress.se\/wp-content\/uploads\/2025\/10\/1000005162-scaled.jpg 1920w\" sizes=\"auto, (max-width: 768px) 100vw, 768px\" \/><\/figure>\n\n\n\n<figure class=\"wp-block-image size-large\"><img loading=\"lazy\" decoding=\"async\" width=\"1024\" height=\"683\" data-id=\"48\" src=\"https:\/\/tvattxpress.se\/wp-content\/uploads\/2025\/09\/Kopia-av-IMG_6033-1024x683.jpg\" alt=\"\" class=\"wp-image-48\" srcset=\"https:\/\/tvattxpress.se\/wp-content\/uploads\/2025\/09\/Kopia-av-IMG_6033-1024x683.jpg 1024w, https:\/\/tvattxpress.se\/wp-content\/uploads\/2025\/09\/Kopia-av-IMG_6033-300x200.jpg 300w, https:\/\/tvattxpress.se\/wp-content\/uploads\/2025\/09\/Kopia-av-IMG_6033-768x512.jpg 768w, https:\/\/tvattxpress.se\/wp-content\/uploads\/2025\/09\/Kopia-av-IMG_6033-1536x1024.jpg 1536w, https:\/\/tvattxpress.se\/wp-content\/uploads\/2025\/09\/Kopia-av-IMG_6033.jpg 2048w\" sizes=\"auto, (max-width: 1024px) 100vw, 1024px\" \/><\/figure>\n\n\n\n<figure class=\"wp-block-image size-large\"><img loading=\"lazy\" decoding=\"async\" width=\"683\" height=\"1024\" data-id=\"60\" src=\"https:\/\/tvattxpress.se\/wp-content\/uploads\/2025\/09\/Kopia-av-IMG_6126-683x1024.jpg\" alt=\"\" class=\"wp-image-60\" srcset=\"https:\/\/tvattxpress.se\/wp-content\/uploads\/2025\/09\/Kopia-av-IMG_6126-683x1024.jpg 683w, https:\/\/tvattxpress.se\/wp-content\/uploads\/2025\/09\/Kopia-av-IMG_6126-200x300.jpg 200w, https:\/\/tvattxpress.se\/wp-content\/uploads\/2025\/09\/Kopia-av-IMG_6126-768x1152.jpg 768w, https:\/\/tvattxpress.se\/wp-content\/uploads\/2025\/09\/Kopia-av-IMG_6126-1024x1536.jpg 1024w, https:\/\/tvattxpress.se\/wp-content\/uploads\/2025\/09\/Kopia-av-IMG_6126.jpg 1365w\" sizes=\"auto, (max-width: 683px) 100vw, 683px\" \/><\/figure>\n\n\n\n<figure class=\"wp-block-image size-large\"><img loading=\"lazy\" decoding=\"async\" width=\"683\" height=\"1024\" data-id=\"55\" src=\"https:\/\/tvattxpress.se\/wp-content\/uploads\/2025\/09\/Kopia-av-IMG_6110-683x1024.jpg\" alt=\"\" class=\"wp-image-55\" srcset=\"https:\/\/tvattxpress.se\/wp-content\/uploads\/2025\/09\/Kopia-av-IMG_6110-683x1024.jpg 683w, https:\/\/tvattxpress.se\/wp-content\/uploads\/2025\/09\/Kopia-av-IMG_6110-200x300.jpg 200w, https:\/\/tvattxpress.se\/wp-content\/uploads\/2025\/09\/Kopia-av-IMG_6110-768x1152.jpg 768w, https:\/\/tvattxpress.se\/wp-content\/uploads\/2025\/09\/Kopia-av-IMG_6110-1024x1536.jpg 1024w, https:\/\/tvattxpress.se\/wp-content\/uploads\/2025\/09\/Kopia-av-IMG_6110.jpg 1365w\" sizes=\"auto, (max-width: 683px) 100vw, 683px\" \/><\/figure>\n\n\n\n<figure class=\"wp-block-image size-large\"><img loading=\"lazy\" decoding=\"async\" width=\"768\" height=\"1024\" data-id=\"167\" src=\"https:\/\/tvattxpress.se\/wp-content\/uploads\/2025\/10\/1000004955-768x1024.jpg\" alt=\"\" class=\"wp-image-167\" srcset=\"https:\/\/tvattxpress.se\/wp-content\/uploads\/2025\/10\/1000004955-768x1024.jpg 768w, https:\/\/tvattxpress.se\/wp-content\/uploads\/2025\/10\/1000004955-225x300.jpg 225w, https:\/\/tvattxpress.se\/wp-content\/uploads\/2025\/10\/1000004955-1152x1536.jpg 1152w, https:\/\/tvattxpress.se\/wp-content\/uploads\/2025\/10\/1000004955-1536x2048.jpg 1536w, https:\/\/tvattxpress.se\/wp-content\/uploads\/2025\/10\/1000004955-scaled.jpg 1920w\" sizes=\"auto, (max-width: 768px) 100vw, 768px\" \/><\/figure>\n<\/figure>\n\n\n\n<p><strong>VId fr\u00e5gor v\u00e4nligen kontakta oss p\u00e5 : Info@TvattXpress.se<\/strong><\/p>\n\n\n\n\n\n<p><\/p>\n","protected":false},"excerpt":{"rendered":"<p>VId fr\u00e5gor v\u00e4nligen kontakta oss p\u00e5 : Info@TvattXpress.se<\/p>\n","protected":false},"author":1,"featured_media":0,"parent":0,"menu_order":1,"comment_status":"closed","ping_status":"closed","template":"","meta":{"footnotes":""},"class_list":["post-84","page","type-page","status-publish","hentry"],"_links":{"self":[{"href":"https:\/\/tvattxpress.se\/index.php?rest_route=\/wp\/v2\/pages\/84","targetHints":{"allow":["GET"]}}],"collection":[{"href":"https:\/\/tvattxpress.se\/index.php?rest_route=\/wp\/v2\/pages"}],"about":[{"href":"https:\/\/tvattxpress.se\/index.php?rest_route=\/wp\/v2\/types\/page"}],"author":[{"embeddable":true,"href":"https:\/\/tvattxpress.se\/index.php?rest_route=\/wp\/v2\/users\/1"}],"replies":[{"embeddable":true,"href":"https:\/\/tvattxpress.se\/index.php?rest_route=%2Fwp%2Fv2%2Fcomments&post=84"}],"version-history":[{"count":43,"href":"https:\/\/tvattxpress.se\/index.php?rest_route=\/wp\/v2\/pages\/84\/revisions"}],"predecessor-version":[{"id":211,"href":"https:\/\/tvattxpress.se\/index.php?rest_route=\/wp\/v2\/pages\/84\/revisions\/211"}],"wp:attachment":[{"href":"https:\/\/tvattxpress.se\/index.php?rest_route=%2Fwp%2Fv2%2Fmedia&parent=84"}],"curies":[{"name":"wp","href":"https:\/\/api.w.org\/{rel}","templated":true}]}}